2*s - 6. Determine t(b).
2
Let l(d) = d**2 - 2*d - 2. Let i = -11 + 14. Calculate l(i).
1
Let u(a) = -13*a**3 + 2*a**2 - 1. Let j(c) = 2*c + 41. Let b be j(-20). Calculate u(b).
-12
Let w(l) be the first derivative of l**3/2 + 2*l**2 + 2*l + 3. Let s(a) be the first derivative of w(a). Suppose -4*d + 0*d = 16. Give s(d).
-8
Let g(n) = -2 + 4*n - 4 + 19 - 9. Calculate g(-5).
-16
Let c(o) = -2*o - 6*o - 2 + 3 + 7*o. Let z be c(-4). Let v(l) = 7*l + 3. Let f(g) = -4*g - 2. Let n(p) = z*f(p) + 3*v(p). Determine n(-4).
-5
Let v(n) be the second derivative of -2*n - 1/720*n**6 + 1/12*n**4 + 0 + 1/40*n**5 + 0*n**2 + 0*n**3. Let q(o) be the third derivative of v(o). Give q(3).
0
Suppose -8 = -5*k + k - w, 0 = 2*k + 2*w + 2. Let p(r) be the second derivative of -r**4/12 + r**2/2 + r. Calculate p(k).
-8
Let w(h) = -h - 1. Let z(c) = -1. Let k(g) = -w(g) - z(g). What is k(-4)?
-2
Let u(x) = -x - 4. Let q = 14 - 1. Suppose -17 = -k + q. Suppose -5*l + 5 - k = 0. What is u(l)?
1
Let g(s) = -3*s**2 + 7*s + 1. Let t(b) = 7*b**2 - 15*b - 3. Let p(a) = -5*g(a) - 2*t(a). Suppose -2*z = -4*k + 4, k + 5*z - 23 = -0*z. Calculate p(k).
-5
Let u = 23 + -18. Let p(r) = 3*r - 4. What is p(u)?
11
Let h(o) be the second derivative of -o**4/12 + 2*o**3/3 + 3*o. Let d(c) = -c**3 - c**2 + 5. Suppose -u - 2*u = 0. Let x be d(u). Calculate h(x).
-5
Let f(z) = 1. Let o(m) = -m - 9. Let h(a) = -5*f(a) - o(a). Suppose k + 7 = 4*n - 2, 0 = -4*k + 4*n. Suppose -3*d + 0*j = j + 16, k*d + 10 = -4*j. Give h(d).
-2
Let x(m) = -2*m**2 - m - 3 + 3 - m**2. Let t(y) = -y**2 - 4*y + 1. Let z be t(-4). Calculate x(z).
-4
Let f(d) = d. Let n be f(-3). Let t(i) = 2*i. Let c(l) = -l. Let h(k) = n*t(k) - 5*c(k). Calculate h(5).
-5
Let s = 1 - -2. Let g(j) = -j - s + 2 - j + 5. What is g(6)?
-8
Let g = 8 + -5. Suppose -3*v + 12 = 0, 4*r = -3*v - 5 + 29. Let d(z) = z**2 - 4*z**2 - 2*z**r + z + 3*z**3 + 3. Calculate d(g).
6
Let h(t) = t**3 + 4*t**2 + t - 4. Let v = 12 - 12. Suppose i + 3*s = -6, v*s = -3*i + 3*s - 6. Determine h(i).
2
Let p(w) be the first derivative of w**3/3 - 4*w + 8. Suppose 4*t - t = 0. Give p(t).
-4
Suppose -6*l + 2*l + 16 = 0. Let d(b) be the first derivative of -b + l + 2 - 4*b**2 - 4. Calculate d(-1).
7
Let j(f) be the second derivative of f**2 + 0 - 1/6*f**4 + 1/6*f**3 + 3*f. What is j(-2)?
-8
Suppose -2*y + 10 = -3*y. Let o be 4/y + (-24)/15. Let p(g) = 2*g**2 - 3*g - 1. Determine p(o).
13
Let z be (-35)/(-10) - (-1)/(-2). Let t(m) = 11*m + 18. Let s(k) = -6*k - 9. Let r(c) = z*t(c) + 5*s(c). Determine r(-6).
-9
Let w(b) = -b**2 - b. Let g = -108 - -105. Give w(g).
-6
Let c = 40 + -34. Let f(a) = -2*a + 7. What is f(c)?
-5
Suppose 0 = -v + 1 + 4. Let c(o) = o**3 + v - o**2 + 0*o**3 - 4 + 3*o**2 + o. Determine c(-2).
-1
Let t(k) be the second derivative of k**4/6 - 7*k**3/6 + 2*k**2 - 6*k. Determine t(4).
8
Let n(t) = -t**3 - t**2 + t + 4 + 7*t**2 - 4*t**2. Let k be n(3). Let y(z) = -z**3 - 4*z**2 - z + 1. Give y(k).
-5
Let j(y) = y**3 - 4*y**2 + 2*y - 6. Let s(k) = k**3 - k**2 - k + 2. Let f(u) = u**3 - 2*u**2 - u + 2. Let c(g) = -3*f(g) + 4*s(g). Let m be c(-2). Give j(m).
2
Let l(g) = -7*g. Let y(u) = -28*u. Suppose -4*m + 4*i - 4 = -0, 5*i = -4*m + 23. Let r(s) = m*y(s) - 9*l(s). Let w(q) = 2*q - 1. Let n be w(1). Give r(n).
7
Let c(p) = -p**2 + 8*p - 10. Let y be c(7). Suppose -3*l = 3*i - 4*l - 12, -2*i - l = -3. Let w(s) = -2*s + s - i - s**2 - 3*s. What is w(y)?
0
Let m(c) = c**3 + c**2 - c. Let w be 120/55 + (-6)/33. Suppose -2*g + 0 = v - 2, -w*g + 5*v + 14 = 0. Give m(g).
10
Suppose 5*t - 6 = 4. Suppose -5*i - 6 = -4*h, 0*h = 4*h - t*i. Let p(x) be the second derivative of -x**3/2 - 2*x. Give p(h).
3
Let i(f) = 7*f + 7. Let x(y) = y + 4. Let s(g) = -2*g - 9. Let k(n) = 4*s(n) + 9*x(n). Let q(h) = i(h) - 4*k(h). Suppose 5*c + 24 = -1. Determine q(c).
-8
Let z(m) = -m - 8. Let h be z(-6). Let w(x) be the second derivative of 1/3*x**3 + 3/2*x**2 - 2*x + 0. Give w(h).
-1
Let b(h) = h**2 - 5*h - 1. Let a(k) = k**2 + 8*k + 7. Let j be a(-5). Let c = j - -16. Let f be (0 + c)/(2 - 0). What is b(f)?
-5
Let q(z) = 24*z - 1 - 1 - 47*z + 22*z. Give q(-6).
4
Let v be (-3)/15 + 22/10. Suppose -c + 0 = -v. Suppose -y - c*y - 6 = 0. Let f(o) = -o**3 + 2*o - 1. What is f(y)?
3
Let d(f) be the second derivative of -f**4/12 + f**3/6 + 2*f**2 + 19*f. Give d(4).
-8
Let z(q) = q**2 + 1. Let b(n) = -3*n**2 - 3. Let v(k) = b(k) + 4*z(k). Let l be v(0). Let a(g) = -l + 4*g - g + 3*g. What is a(-1)?
-7
Let s(x) be the third derivative of x**5/60 + x**4/4 + 5*x**3/6 - 2*x**2. Calculate s(-6).
5
Let d = 12 + -8. Suppose -7 = 3*y - d. Let f(q) = 5*q - 4. Let k(t) = -1. Let j(w) = -f(w) + 3*k(w). What is j(y)?
6
Let x(w) = w - 7. Let j = 3 - 5. Let d(r) = -5*r**3 + r**2 - r + 2. Let q(i) = -6*i**3 + 2*i**2 - i + 2. Let f(c) = 5*d(c) - 4*q(c). Let v be f(j). Give x(v).
-7
Let s(p) be the first derivative of p**2/2 - p - 2. Give s(0).
-1
Let d(b) = 10*b**3 + 1. Let y(r) = 2*r + 14. Let g be y(-13). Let p = g + 11. Give d(p).
-9
Let p(y) be the third derivative of -y**5/20 - y**4/12 - y**3/6 - 2*y**2. Suppose -2*t = 3*t + 5. Determine p(t).
-2
Let b(j) = j - j + 12 - j. Let n(v) = 4*v + 33. Let p(q) = 3*q + 22. Let y(f) = 5*n(f) - 7*p(f). Let o(w) = -2*b(w) + 3*y(w). Calculate o(4).
5
Let m(i) = i**3 - 6*i**2 + i - 2. Let k be m(6). Let q(t) be the third derivative of 0 - 1/6*t**3 - 1/12*t**k + 0*t - 1/12*t**5 - 2*t**2. Determine q(-1).
-4
Suppose 6 = -2*u + 8*u. Let r(p) = -4*p**3 + 2*p**2 - 1. Calculate r(u).
-3
Suppose 2*g + 14 = 5*v, -g + 2*g = 4*v - 13. Let w(k) = -3*k**2 + 2*k**3 - 5*k**3 + 5*k**3 + g*k - 3*k**3 + 3. Give w(-4).
7
Let a be 3/15 + (-26)/5. Let c(u) = -3 - u + 3*u - u. Determine c(a).
-8
Let c(h) = -3*h**2 + 1. Let b be ((-5)/(-3))/(-5)*0. Let p be (-1)/3*-3 - b. Give c(p).
-2
Suppose -20 = -5*w, -r - 5*w + 16 = -2*r. Let o = 1 + -1. Let y(i) = -i - 3 + i**2 - 3*i + o. Determine y(r).
-3
Let h be 30/(-24) + (-1)/(-4). Let d = -3 - 2. Let r(t) = 6*t**2 - 3*t + 2. Let y(g) = 3*g**2 - g + 1. Let w(s) = d*y(s) + 2*r(s). Give w(h).
-3
Let q(y) = -y**2 + 6. Let n be q(0). Let o(c) = -n + 6 - 1 + 5*c - c**2. Calculate o(3).
5
Let m(t) = -t**2 - 4*t + 2. Suppose 3*y + 4*r + 1 = -23, 0 = 2*y + 5*r + 23. Give m(y).
2
Let j(b) = -b**3 + 6*b**2 + 6. Let t be (-18)/(-63) - (-107)/(-7). Let n be 5/25 + (-87)/t. Calculate j(n).
6
Let j(u) = u**3 + 6*u**2 + 2*u - 5. Let i(o) = o**3 - 8*o**2 - 2*o + 11. Let z be i(8). Calculate j(z).
10
Let a(f) = -4*f + 9. Let v(s) = 5*s - 7. Let w be v(5). Suppose 0 = -3*r + r - w. Let h(p) = -p + 2. Let g(y) = r*h(y) + 2*a(y). What is g(5)?
5
Let g(o) = -2*o + 10. Let p be g(8). Let b(t) = -2*t - 3. Determine b(p).
9
Let i(u) = 3*u**2 + 15*u + 9. Let p(h) = 4*h**2 + 22*h + 13. Let d(c) = 7*i(c) - 5*p(c). Let g be (2 - -5) + 1 + -3. Determine d(g).
-2
Let d(j) = 3*j**3 - 2*j**2 + 2*j - 1. Suppose -t - 4 = -5*c, c = -2*t + 4*c - 1. Determine d(t).
2
Let o be ((-6)/(-10))/(8/40). Let x(h) = -3*h + h + 3*h - o*h - h**2. Calculate x(-2).
0
Let n(k) = -k**2 - 7*k - 4. Let b be n(-6). Let i(v) = -v + 2*v**b + 1 + 0 + 4*v**2. Suppose 3*g = -4*w - 11, -3*w + 8 = -5*g + 4*g. What is i(w)?
6
Let q = -2 - -5. Let b(p) = -4*p**2 + 9 + q - 4 + 3*p**2. Determine b(0).
8
Suppose -2*u = -8*h + 5*h + 3, 3*h = -4*u + 3. Suppose u*p - p + 6 = 0. Let o(z) = -z**2 + 5*z + 4. Let y be o(p). Let l(m) = -m**2 - m. Determine l(y).
-2
Let l be (-9)/12 - 55/(-20). Suppose -5*g + 8 = -l*b + 1, 0 = 2*g - 5*b - 7. Let t(x) be the second derivative of 2*x**3/3 + x**2/2 + 2*x. Give t(g).
5
Suppose 7 = 2*f + 1. Let s be (-6 - -4) + 1*f. Let i(z) be the first derivative of z**2 + z - 3. What is i(s)?
3
Let v(u) be the third derivative of u**4/6 + u**3/6 - u**2. Let b(o) = 2*o**2 + 4*o - 1. Let g be b(-3). Let y = -6 + g. What is v(y)?
-3
Let v(g) = -4*g**3 + 8*g**2 - 5*g + 7. Let r(w) = -w**3 + w**2 + 1. Let z(x) = -3*r(x) + v(x). Give z(4).
0
Let p(w) = 5*w + 7. Let d be 2*-1 + -19 + 16. Determine p(d).
-18
Let z(c) = 2*c - 10. Suppose -3*f = b - 25, -4*b = -25*f + 27*f - 30. Determine z(f).
4
Let a(f) = -4*f + 1. Suppose -8 - 12 = 5*m, 0 = 5*y + 5*m + 30. Let j = -5 - y. Determine a(j).
13
Let f(r) = -5 - r + 2 + 4 + 2. Give f(6).
-3
Let m(t) = -3 + 79*t - 158*t + 78*t. Determi